e 100425?
True
Is 142 a factor of 947107?
False
Is 125936 a multiple of 2?
True
Does 491 divide 206220?
True
Is 2 a factor of 1104443?
False
Does 38 divide 49455?
False
Is 419255 a multiple of 209?
False
Is 3269891 a multiple of 109?
True
Is 61 a factor of 4540808?
False
Does 234 divide 26882300?
False
Does 20 divide 51760?
True
Is 12 a factor of 159948?
True
Does 115 divide 2233939?
False
Is 91 a factor of 18045?
False
Does 2 divide 452389?
False
Does 296 divide 3074848?
True
Does 29 divide 40889?
False
Does 2 divide 306?
True
Is 352 a factor of 1933349?
False
Is 1501686 a multiple of 29?
False
Does 7 divide 146986?
True
Is 39 a factor of 963780?
False
Does 16 divide 2641248?
True
Does 140 divide 7053939?
False
Is 9 a factor of 26613?
True
Is 616 a factor of 6016472?
True
Is 423 a factor of 5560018?
False
Is 62832 a multiple of 133?
False
Does 88 divide 69784?
True
Is 669531 a multiple of 201?
True
Does 278 divide 5566436?
False
Does 83 divide 417240?
False
Is 1627704 a multiple of 444?
True
Does 171 divide 118770?
False
Does 19 divide 1139030?
False
Is 43090 a multiple of 6?
False
Is 172 a factor of 415472?
False
Is 37 a factor of 16983?
True
Is 48 a factor of 8643120?
True
Does 845 divide 3042845?
True
Is 371 a factor of 3689799?
False
Is 80 a factor of 418480?
True
Is 11 a factor of 59180?
True
Does 29 divide 11961964?
False
Is 274 a factor of 1313830?
True
Is 206 a factor of 486889?
False
Is 42 a factor of 609126?
True
Is 193 a factor of 639023?
True
Is 6 a factor of 13545?
False
Does 1965 divide 17099430?
True
Is 135 a factor of 832346?
False
Is 3 a factor of 1754289?
True
Is 6357848 a multiple of 98?
True
Is 7 a factor of 124205?
False
Does 273 divide 8220531?
False
Is 402000 a multiple of 15?
True
Does 53 divide 465764?
True
Does 4 divide 455522?
False
Does 50 divide 148900?
True
Is 225 a factor of 1252584?
False
Does 11 divide 1975754?
True
Is 2036717 a multiple of 18?
False
Is 159 a factor of 820599?
True
Is 304105 a multiple of 12?
False
Is 437 a factor of 3377136?
True
Is 316240 a multiple of 20?
True
Does 27 divide 15267911?
False
Is 1249105 a multiple of 55?
True
Is 7 a factor of 329091?
True
Is 2 a factor of 82380?
True
Does 17 divide 88859?
True
Is 1225044 a multiple of 461?
False
Is 18 a factor of 8794412?
False
Does 8 divide 32331?
False
Is 27 a factor of 483821?
False
Does 27 divide 4980177?
True
Is 136 a factor of 1672256?
True
Is 91205 a multiple of 185?
True
Does 436 divide 183102?
False
Is 4 a factor of 3207780?
True
Is 336405 a multiple of 17?
False
Is 35697 a multiple of 2?
False
Does 63 divide 33957?
True
Is 66 a factor of 104325?
False
Is 99619 a multiple of 49?
False
Does 582 divide 3963359?
False
Does 504 divide 2377368?
True
Is 66 a factor of 2968152?
True
Is 101 a factor of 741161?
False
Is 15 a factor of 279638?
False
Does 28 divide 104020?
True
Does 67 divide 721785?
False
Does 58 divide 648730?
True
Is 4 a factor of 51750?
False
Does 36 divide 221759?
False
Is 14926811 a multiple of 66?
False
Is 95928 a multiple of 20?
False
Is 33 a factor of 2091903?
True
Does 21 divide 100422?
True
Is 29038 a multiple of 26?
False
Is 9213439 a multiple of 27?
False
Does 25 divide 152080?
False
Is 380 a factor of 442320?
True
Does 66 divide 3988446?
True
Does 21 divide 212730?
True
Does 48 divide 7521011?
False
Is 1425 a factor of 1737927?
False
Does 52 divide 49819?
False
Is 135 a factor of 93279?
False
Is 11533925 a multiple of 202?
False
Is 581915 a multiple of 643?
True
Does 17 divide 85510?
True
Is 70980 a multiple of 42?
True
Is 3 a factor of 89727?
True
Does 89 divide 546460?
True
Is 158 a factor of 396546?
False
Does 388 divide 2155224?
False
Is 99 a factor of 691020?
True
Is 93 a factor of 150448?
False
Is 1131249 a multiple of 21?
True
Is 66834 a multiple of 3?
True
Is 23 a factor of 207989?
True
Does 382 divide 21392?
True
Is 3419838 a multiple of 607?
True
Does 935 divide 267934?
False
Is 8 a factor of 719760?
True
Is 1221901 a multiple of 823?
False
Does 19 divide 6477423?
True
Is 2429910 a multiple of 1330?
True
Is 25 a factor of 243926?
False
Is 1145448 a multiple of 686?
False
Is 27904321 a multiple of 39?
False
Does 386 divide 3961995?
False
Does 84 divide 567363?
False
Is 40406 a multiple of 33?
False
Is 395266 even?
True
Is 1378090 a multiple of 14?
True
Is 19897 a multiple of 101?
True
Does 556 divide 150676?
True
Is 325932 a multiple of 6?
True
Is 771732 a multiple of 40?
False
Is 2651128 a multiple of 60?
False
Is 9726220 a multiple of 699?
False
Is 340 a factor of 400520?
True
Does 45 divide 222795?
True
Is 762888 a multiple of 42?
True
Is 50078 a multiple of 21?
False
Is 217 a factor of 102424?
True
Is 56 a factor of 10731280?
True
Does 18 divide 1576222?
False
Is 787974 a multiple of 66?
True
Is 7213752 a multiple of 189?
True
Is 612 a factor of 486540?
True
Does 76 divide 340480?
True
Is 2978198 a multiple of 28?
False
Does 150 divide 1675200?
True
Is 257 a factor of 7258451?
True
Is 37618 a multiple of 5?
False
Is 9013 a multiple of 9?
False
Does 336 divide 11742528?
True
Does 93 divide 279376?
False
Is 59 a factor of 1199647?
True
Is 47 a factor of 230441?
True
Is 30 a factor of 560880?
True
Is 10 a factor of 3970?
True
Is 8 a factor of 430544?
True
Is 124 a factor of 30008?
True
Does 6 divide 836762?
False
Is 47 a factor of 311404?
False
Does 97 divide 1496225?
True
Is 1197702 a multiple of 11?
True
Is 20 a factor of 3367339?
False
Does 61 divide 953472?
False
Does 147 divide 12865440?
True
Does 59 divide 69266?
True
Is 81 a factor of 969084?
True
Is 6710151 a multiple of 85?
False
Is 793740 a multiple of 339?
False
Is 503 a factor of 5466296?
False
Does 352 divide 487168?
True
Is 63900 a multiple of 71?
True
Is 97606 a multiple of 75?
False
Does 705 divide 585855?
True
Is 2699153 a multiple of 39?
False
Is 19968858 a multiple of 117?
True
Does 125 divide 7008444?
False
Is 227887 a multiple of 71?
False
Is 1621866 a multiple of 60?
False
Is 14263 a multiple of 17?
True
Does 4 divide 298984?
True
Does 9 divide 601695?
True
Is 229912 even?
True
Is 44 a factor of 3384994?
False
Is 10 a factor of 13196?
False
Does 23 divide 1102183?
True
Is 18450 a multiple of 9?
True
Is 13 a factor of 627291?
False
Is 212093 a multiple of 157?
False
Is 3 a factor of 54503?
False
Is 108 a factor of 17777270?
False
Does 25 divide 912885?
False
Is 99775 a multiple of 3?
False
Does 326 divide 828366?
True
Does 12 divide 133227?
False
Does 996 divide 2653344?
True
Is 9570 a multiple of 11?
True
Is 807138 a multiple of 9?
True
Is 8783609 a multiple of 43?
False
Is 154507 a multiple of 421?
True
Does 2149 divide 16787988?
True
Is 192420 a multiple of 6?
True
Is 6167527 a multiple of 709?
False
Is 281401 a multiple of 4?
False
Does 53 divide 293813?
False
Is 624 a factor of 109824?
True
Does 3 divide 1403284?
False
Is 24 a factor of 136742?
False
Is 138 a factor of 7587516?
True
Is 927300 a multiple of 30?
True
Is 100311 a multiple of 19?
False
Does 7 divide 18228?
True
Is 128 a factor of 121329?
False
Is 16844704 a multiple of 8?
True
Is 135 a factor of 1512810?
True
Is 28 a factor of 828548?
True
Is 8 a factor of 223064?
True
Is 180 a factor of 144720?
True
Is 64000 a multiple of 8?
True
Does 418 divide 958056?
True
Is 33 a factor of 351290?
False
Is 102 a factor of 228555?
False
Is 42 a factor of 16716?
True
Is 26 a factor of 130?
True
Is 667586 a multiple of 177?
False
Is 22 a factor of 629095?
False
Is 4892974 a multiple of 254?
False
Is 21 a factor of 10708029?
False
Does 26 divide 3126240?
True
Is 377023 a multiple of 4?
False
Does 112 divide 3123829?
False
Is 570 a factor of 7319468?
False
Does 269 divide 833900?
True
Is 10 a factor of 378114?
False
Is 352 a factor of 335570?
False
Is 357170 a multiple of 11?
True
Does 13 divide 1777828?
True
Is 2304433 a multiple of 25?
False
Does 52 divide 36195683?
False
Is 432 a factor of 4380859?
False
Does 4 divide 112956?
True
Is 56 a factor of 877004?
False
Is 1309858 a multiple of 22?
True
Is 8 a factor of 2745666?
False
Is 39 a factor of 769965?
False
Is 1127029 a multiple of 273?
False
Is 9 a factor of 96848?
False
Is 3 a factor of 3556601?
False
Is 1128192 a multiple of 208?
True
Does 63 divide 6813702?
True
Does 7 divide 52556?
True
Is 862 a factor of 2111870?
False